h - 4 = h + 2*k. Suppose h*n = 3*n + 11. List the prime factors of n.
11
Suppose -19 = -5*b + 221. List the prime factors of b.
2, 3
Let a(u) = u**2 + 2*u - 2. List the prime factors of a(4).
2, 11
Let c(d) = -24*d**2 - 2*d + 1. Let h be c(1). Let b = h - -36. Suppose -2*n + b + 7 = 0. What are the prime factors of n?
3
Let r(j) = 3*j**2 + 9*j + 2. List the prime factors of r(-6).
2, 7
Let p be (45/(-6))/((-2)/24). Suppose -p = -2*t - 3*t. What are the prime factors of (-4)/6 + 138/t?
7
Suppose 6 = h + 2*h, 4*m - 5*h - 890 = 0. List the prime factors of m.
3, 5
Suppose 3*v = 3 + 12. Suppose 0 = 4*q + 5*k + 7, 3*q - v*k - 17 = 2*q. List the prime factors of q.
2
Suppose -l + 13 = 1. Suppose -4*w + 0*w = -4*q - l, -q = 2*w - 9. Suppose -w*b + 27 = -37. What are the prime factors of b?
2
Let w be -1*2*(-2)/(-4). What are the prime factors of (3/w)/(4/(-20))?
3, 5
Let l be 2/(-2) + -2 + 23. Suppose -4*i + 0*i - l = 0. Let y = 1 - i. List the prime factors of y.
2, 3
Let k(x) = -7*x**3 - 13*x**2 - 9*x + 3. Let d(r) = -10*r**3 - 19*r**2 - 13*r + 4. Let f(g) = 5*d(g) - 7*k(g). What are the prime factors of f(-4)?
7
Suppose -3*u + 4*u - 2 = 0. What are the prime factors of u?
2
Suppose 0 = -5*c + h + 20, 0 = 5*c - 3*h + 6*h - 20. Suppose -p + c*p - 48 = 0. List the prime factors of p.
2
Suppose -22 - 3 = 5*x, -145 = -5*q + 4*x. What are the prime factors of q?
5
List the prime factors of (2 - (1 - -3))*140/(-7).
2, 5
Let u(f) = -f**2 + 5*f - 5. Let h be u(4). Let l(s) = -14*s**3 - 2*s**2 - s. What are the prime factors of l(h)?
13
What are the prime factors of (-1475)/(-4)*1 - (-4)/16?
3, 41
Let j(z) = -z**2 + 4*z - 1. Let n = 6 - 3. Let h be j(n). Suppose h*w = 4*w - 6. List the prime factors of w.
3
Let n(q) = -q + 3. Let x be n(3). Suppose 8 = -2*r, 3*c + 2*r - 36 - 49 = x. What are the prime factors of c?
31
Let k(x) = 11*x + 7. What are the prime factors of k(7)?
2, 3, 7
Suppose 3*f - 19 - 11 = 0. Suppose 2 + f = -v. What are the prime factors of (-5)/1*v/5?
2, 3
Let d = -52 + 73. Suppose -4*f = -f - d. List the prime factors of f.
7
Let i = 15 - 0. Let g = i + 10. List the prime factors of g.
5
Let h = 236 + -59. List the prime factors of h.
3, 59
List the prime factors of -1 + 44/28 - (-1865)/7.
3, 89
Let j be 1/(-3) - (-49)/3. Let y be 9/6*j/6. Suppose 6*i - 5*i + y = -5*r, i = 5*r + 16. What are the prime factors of i?
2, 3
Let b(g) = -g**3 - 4*g**2 + 7*g - 7. Let p be (-11)/(110/(-12))*-5. List the prime factors of b(p).
23
Suppose 2*l + 26 = 4*v + 10, -l = 4*v - 10. List the prime factors of v.
3
Let z(g) = g**2 - 15*g - 51. List the prime factors of z(19).
5
Let z(a) = a**2 - 2*a - 1. Let q = 21 + -15. List the prime factors of z(q).
23
Suppose -4*s = 5*t + 2, 2*t - 2 = -2*s - 4. What are the prime factors of t?
2
Let g = 13 - 4. Let b(j) = j**2 - 7*j - 11. List the prime factors of b(g).
7
Suppose 3*t - 3*r = 147, -7*r + 295 = 5*t - 2*r. List the prime factors of t.
2, 3
Let o be (8/(-6))/(4/(-12)). Let i be (-1)/(8/6)*16. What are the prime factors of 3/o - 75/i?
7
Suppose 4*g = -168 + 512. List the prime factors of g.
2, 43
Suppose -8*j + 371 + 341 = 0. List the prime factors of j.
89
Suppose 5*g + 2*r - 201 = 4*r, 5*g + 4*r - 183 = 0. What are the prime factors of g?
3, 13
Let m be 2/(-7)*7/(-1). Suppose -y - m*y - 3 = 0. Let a(v) = 12*v**2 + 1. What are the prime factors of a(y)?
13
Suppose 2 = -5*m + 22. Suppose -m*b = -b - 42. What are the prime factors of b?
2, 7
Let g(p) = p. What are the prime factors of g(5)?
5
Suppose -5*q - 20 = -5*x + 160, -4*x = 5*q + 180. Let k = q + 54. List the prime factors of k.
2, 3
Suppose 2*v - 7 = v. Let m = 2 + -2. Let k = m + v. List the prime factors of k.
7
Suppose -2*d - 4*f - 40 = -0*d, -2*f = -d. Let y be (0 + d/(-4))*6. Let j = -5 + y. What are the prime factors of j?
2, 5
Let y = -6 - -6. Suppose 2*w + 5*x - 57 = y, 0 = 3*w - 0*w - 4*x - 51. List the prime factors of w.
3, 7
Suppose 4*j + 101 = 3*h, -5*j + 6 = -14. List the prime factors of h.
3, 13
Suppose 2*j + c + 0*c - 69 = 0, 2*j = 5*c + 39. Let q = j - 15. List the prime factors of q.
17
Let z(j) = j**3 - 3*j**2 + 6*j - 4. Let n = -16 + 20. List the prime factors of z(n).
2, 3
List the prime factors of 13 - -4*(0 - 1).
3
Let f be 3*2*(-23)/(-3). Suppose 3*w - f = -0*w + 4*c, -5*w - c + 115 = 0. List the prime factors of w.
2, 11
What are the prime factors of -13*(-4 - (1 + 4 + 10))?
13, 19
Suppose k + 21 = -2*k. List the prime factors of (-2)/7 - 212/k.
2, 3, 5
Suppose 82 = -3*f + 5*f. What are the prime factors of f?
41
Suppose 2*z + 5*i = 26 - 9, -4*z - 5*i = -29. Let p be 4 - ((-6 - -3) + 11). List the prime factors of 6/p*(-8)/z.
2
Let d(h) = h - 4. Let i be d(0). What are the prime factors of (i/6)/(3/(-72))?
2
Let b be (3 + -1)*35/10. Let d(c) = -3*c**2 + b*c**2 + 3*c**2. List the prime factors of d(-1).
7
Let n(y) = 18*y - 16. List the prime factors of n(2).
2, 5
Let o(f) be the first derivative of -f**3/3 - 7*f**2/2 + f - 4. Let h be o(-7). Let a = h + 17. List the prime factors of a.
2, 3
Suppose 345 - 951 = -6*i. List the prime factors of i.
101
Let r = -93 - -180. List the prime factors of r.
3, 29
Suppose -5*w = 116 - 916. List the prime factors of w.
2, 5
List the prime factors of (1 + 5 + 4)/1.
2, 5
Suppose 8*g - 1049 = 3*g + 3*x, 3*g - 612 = -4*x. What are the prime factors of g?
2, 13
Let b be -2 - (-8 + -2 + 0). Suppose -2*t = 2*j + 11 - 63, b = 4*t. List the prime factors of j.
2, 3
Let b(t) = t**3 - 4*t**2 + 2*t - 2. Suppose 3*q + 16 = 7*q. What are the prime factors of b(q)?
2, 3
Let w(i) = i**3 + i**2 - 11*i + 10. List the prime factors of w(6).
2, 7
List the prime factors of ((-2)/10)/(5/(-575)).
23
Suppose -5*x = -3*x - 20. Suppose 7*z + x = 8*z. What are the prime factors of z?
2, 5
Let v = -14 + 63. List the prime factors of v.
7
Let m = -54 + 83. List the prime factors of m.
29
Let l = -35 + 74. List the prime factors of l.
3, 13
Let w be 3*(-14)/(-6) - 3. List the prime factors of (w + 18)/((-2)/(-5)).
5, 11
Let g(b) = b**3 - 5*b**2 + 4. Suppose -5*y = -n - 27, 5*n + 12 = 2*y + 4*n. List the prime factors of g(y).
2
Suppose -5*b + 4*a - 3 + 2 = 0, -b + a - 1 = 0. Suppose h - 4 = b*h. Let d = h + 9. What are the prime factors of d?
7
Let s(b) = 2*b**3 - 6*b**2 + 3*b + 5. Let g be s(4). Let v = -23 + g. Let k = -13 + v. List the prime factors of k.
13
Let o(m) = m**2 + 6*m + 7. Let g(k) = k**2 - 6*k + 4. Let h be g(4). Let c be 18/h - (-4)/(-8). What are the prime factors of o(c)?
2
Suppose -w + 135 = 2*w. What are the prime factors of w?
3, 5
Suppose 5*j = 2*y - y + 10, -y + 2*j = 1. Suppose y*l - 7 - 28 = 0. List the prime factors of l.
7
Let v be (-4)/(-14) + (-124)/(-7). Let t = v + -6. What are the prime factors of t?
2, 3
Suppose -10*r + 12 = -6*r. Let b = 4 - 3. List the prime factors of r - (-8 + (b - 1)).
11
Let g(i) be the third derivative of -i**5/60 + 5*i**4/24 - 2*i**2. Let u be g(5). Let c = u + 2. List the prime factors of c.
2
Let l(k) = 15*k - 2*k + 7 - 6. List the prime factors of l(1).
2, 7
Let i(a) = 13*a + 3. Let o(s) = 3*s**3. Let j be o(1). Let l be i(j). Suppose v = 4*v - l. List the prime factors of v.
2, 7
Let g(l) = l**3 + 7*l**2 + 8*l + 8. Let d be g(-6). What are the prime factors of (30/(-4))/(3/d)?
2, 5
Let r(g) = -9*g**2 + 6*g. Let t = 13 - 18. Let h be r(t). List the prime factors of (-3)/(5/(h/9)).
17
Suppose 0 = 5*c - 0*i - 2*i - 55, 0 = -2*i. What are the prime factors of c?
11
Let s(t) = -t**2 - 4*t + 3. Let o be s(-6). List the prime factors of (-2)/(4/o)*2.
3
Let n(t) be the third derivative of t**4/24 - 5*t**3/6 + t**2. List the prime factors of n(12).
7
Suppose 3*h + 0 = 108. Suppose 4*l - 108 - h = 0. List the prime factors of l.
2, 3
Suppose b + 4*a = 45, 0 = -5*b - 5*a + 2*a + 174. Suppose 2*y = 5*w + b, 3*y - 45 = -0*y + 3*w. What are the prime factors of y?
2, 7
Suppose -l - 14 + 7 = -4*h, -8 = 4*h - 4*l. Let q be -1 + (-15)/(-1*h). Suppose 14 + 2 = q*d. List the prime factors of d.
2
Let w = 127 - 69. Let i = w - 38. What are the prime factors of i?
2, 5
Suppose -4*q + 1 + 7 = 0. Let u(d) = d + 18. Let l be u(-15). What are the prime factors of q*l - (-4 + 5)?
5
Suppose 5*p + p = 210. List the prime factors of p.
5, 7
Let v(u) = 2*u**2 - 9*u - 17. What are th